-4*n - 8090. Let w be l/(-15) - 2/(-5). Suppose -g - w = -7*g. List the prime factors of g.
2, 3
Let z(j) = -j**3 - 2*j**2 + 2. Let a be z(1). What are the prime factors of (0 + 228)/(-4)*a?
3, 19
List the prime factors of (-112)/4*5/(-2).
2, 5, 7
Let x(q) = q**3 + 10*q**2 + 9*q + 2. Let i be x(-9). Suppose 3*g = -2*t + 2*g + 57, 6 = i*g. What are the prime factors of t?
3
Let z(m) be the third derivative of 2*m**3 + 1/8*m**4 + 8*m**2 + 0 + 0*m. What are the prime factors of z(5)?
3
Let i(b) = 13*b**2 + b - 8. Let d be i(6). Let h = -310 + d. List the prime factors of h.
2, 3, 13
Let m(w) = 13*w**2 - 14*w - 27. List the prime factors of m(15).
2, 3, 7
Let z(c) = 19*c - 12. Let j(q) = q - 1. Let a(s) = 4*j(s) - z(s). List the prime factors of a(-7).
113
Suppose 51*u - 18 = 54*u. Let m(f) = 7*f**2 - 4*f + 1. What are the prime factors of m(u)?
277
Suppose -73 = -n + 91. List the prime factors of n.
2, 41
Suppose 9*g - g - 456 = 0. Suppose -11 - g = -f. List the prime factors of f.
2, 17
Let n(w) = 4*w + 22. Let x be n(-5). Suppose x*j + 7*g + 3 = 2*g, j + 5*g + 9 = 0. List the prime factors of j.
2, 3
Suppose -24*h + 2500 + 11060 = 0. What are the prime factors of h?
5, 113
List the prime factors of 2 - (1/(6/(-7908)) - -5).
5, 263
Let k = 29 - 11. Suppose 0 = -23*s + 21*s - 32. Let x = s + k. What are the prime factors of x?
2
Suppose 2*r = -v + 771, 0 = 2*v + 3*r - 869 - 678. List the prime factors of v.
11, 71
Let k = -1093 - -2398. What are the prime factors of k?
3, 5, 29
Let i(l) = -3*l + 9. Let x(g) = -2*g. Let a be x(-3). Let n(y) = -4*y + 10. Let m(p) = a*i(p) - 5*n(p). What are the prime factors of m(8)?
2, 5
Let r(h) = -h**3 - 8*h**2 - 14*h + 50. What are the prime factors of r(-13)?
3, 359
Suppose -2*c = 3*h + 259 - 2774, -4*c + 5060 = -4*h. What are the prime factors of c?
2, 631
Suppose 0 = 34*z - 168644 + 66406. List the prime factors of z.
31, 97
Let f = 14 + -12. Suppose h - 32 = -f. Suppose -85 = -5*w + h. List the prime factors of w.
23
Let c be (-22)/(-121) - (-4044)/22. Suppose 6*u - c = 86. List the prime factors of u.
3, 5
Let l = -81 - -84. What are the prime factors of (-7332)/(-30) + l/5?
5, 7
Suppose -h + 7 - 1 = 0. Let m = 5 - h. List the prime factors of m/((-1)/2) - -27.
29
Suppose 33*j - 208678 = -30445. What are the prime factors of j?
11, 491
Suppose -15*u + 5*u + 46200 = 0. Suppose -4*h + 24*h = u. What are the prime factors of h?
3, 7, 11
Let t(b) = -b**3 + 2*b**2 + 5*b + 24. List the prime factors of t(-9).
2, 3, 5, 29
Suppose -2*k - 69 = 3*p, -4*k = 2*p + k + 46. Let z = -18 - p. Suppose -3*r + 51 = -0*r - s, -2*r + z*s + 34 = 0. What are the prime factors of r?
17
Suppose -3*c + 594 = 5*p, 5*p = c + 723 - 141. Suppose 2*x + 3*t + p = 8*t, 57 = -x + 4*t. Let h = 89 + x. What are the prime factors of h?
2, 7
Suppose 3*h + 50 = -34. Let w be 3 - 5/(10/h). Suppose w = 4*n - 75. List the prime factors of n.
23
Let m = 366 - 87. What are the prime factors of m?
3, 31
Let t(k) = 6*k + 1. Let a(s) = s. Let c(u) = -6*a(u) + 3*t(u). Let h be c(-2). List the prime factors of (1 + -4)*h/3.
3, 7
Let y be (-4)/(-10) - (-52)/20. Suppose 0 = 3*p - 6, -y*z + 2*z - 3*p = -8. Suppose -d + z*a = -a - 23, -3*a = 0. List the prime factors of d.
23
Suppose 134*s - 140*s = -6888. What are the prime factors of s?
2, 7, 41
Suppose 9*o + 372 = -717. What are the prime factors of (1 + (o - -2))/(-2)?
59
Suppose -181 = -4*h - 5*w, 2*w - 230 = -5*h - 3*w. Suppose -2*u + 9 = h. Let q = u - -69. List the prime factors of q.
7
Let d(p) = -26*p - 45. Let y(f) = f**3 + 9*f**2 + 20*f + 3. Let a be y(-6). What are the prime factors of d(a)?
3, 7
Suppose 5*c - 5*v - 150 = 0, -3*c - 4*v + 80 = c. Suppose 0 = -2*i - d + c, -40 = -3*i + d - 15. Let s = 4 + i. List the prime factors of s.
2, 7
Let w = -4401 - -7989. What are the prime factors of w?
2, 3, 13, 23
Let a = -23 - -53. Suppose 0 = -u - 3 + 4. Let k = a - u. List the prime factors of k.
29
Suppose f = -8 - 1. Let d be 6/f + 16/6. Suppose 0 = 4*b - 0*h + h - 106, d*h - 77 = -3*b. What are the prime factors of b?
3
List the prime factors of (116/(-10))/((-21)/2205).
2, 3, 7, 29
Suppose -36*k = -28*k - 4208. List the prime factors of k.
2, 263
Let l(q) = q**2 - 11*q - 8. Let n be l(12). Suppose p - 39 = -s, -3*p + n*s + 222 = 91. What are the prime factors of p + 0 + 2 + -6?
37
Suppose 16*s - 3 = 125. Let z be (6/2 - -1)*2. Suppose 0 = p - s - z. What are the prime factors of p?
2
Let b be (3/((-12)/116))/(-1). Suppose 0 = -3*q + 35 - 8. List the prime factors of b/q - 24/108.
3
Suppose 5*b - p = -0*p + 23, -7 = -b + p. Suppose j + 3*j - 396 = 0. Suppose -b = 5*q - j. List the prime factors of q.
19
Suppose -s + 65 = -0*j + 2*j, 0 = 2*j + 2. Suppose -y - 2*y - s = -2*x, -x - 3*y + 47 = 0. List the prime factors of x.
2, 19
Let k(x) = 2 + 10*x - 4 - 4 + x**2. Let u = -11 + -1. What are the prime factors of k(u)?
2, 3
Let r be (-4 + 34)*12/15. Suppose -b + 4 - 1 = 0. Suppose -b*s + 0*s + r = 0. List the prime factors of s.
2
Suppose 0*k + d = -4*k + 24, -d + 4 = 0. Suppose -3*z + 722 = k*i, -4*z + 430 = 3*i + z. What are the prime factors of i?
5, 29
Suppose -3*a = -4*o - 167, -2*o - 236 = 4*a - 8*a. List the prime factors of a.
61
Let n be (-762)/9 - 8/6. Let s = 146 + n. What are the prime factors of s?
2, 3, 5
Suppose 0 = -3*o + 148 + 1052. List the prime factors of o.
2, 5
Let q = -131 - -399. List the prime factors of q.
2, 67
Suppose 3*n - 4 - 2 = -5*i, -3*i = -2*n - 15. Suppose 5*t + i*p = -2*p + 340, 4*p + 296 = 4*t. Suppose 0 = 4*h - t - 161. What are the prime factors of h?
2, 29
Let j = -62 - -67. Suppose -j*h = -2*h - 33. List the prime factors of h.
11
Let i(a) = 560*a**2 + 19*a + 23. List the prime factors of i(-3).
2, 2503
Let q(g) = g**3 + 10*g**2 + g + 8. Let h be q(-10). Let d = -1 + h. List the prime factors of (-6)/(-4)*(-28)/d.
2, 7
Let h be (-14)/63 - 472/(-18). Let k = h + -21. Let b(a) = 4*a + 12. What are the prime factors of b(k)?
2
Let j = 6 - 1. Suppose 5*t + 3*f - 38 = -17, j*f = 10. Suppose -5*r = -t*r - 56. What are the prime factors of r?
2, 7
Suppose -4*s - 2*o = -3898, -2*s + 4*o - 857 = -2791. List the prime factors of s.
7, 139
Let v = 897 + -605. What are the prime factors of v?
2, 73
Let b(r) = -10*r**2 + 329*r - 37. List the prime factors of b(31).
2, 3, 23
Suppose -k = 4*m + 143 - 5816, 5*m - 4*k - 7107 = 0. What are the prime factors of m?
3, 11, 43
Suppose -110 = -2*a - 24. Suppose k - 5*v = 102, -177 = -2*k + 2*v + a. What are the prime factors of k?
2, 7
Let t(k) = -16*k + 28. Let q be t(-11). Suppose -c - 3*c + q = 0. List the prime factors of c.
3, 17
Suppose -3*y + 2 + 10 = 0. Let z(n) = -n**2 + 2*n - 5. Let k be z(y). Let v = 15 + k. List the prime factors of v.
2
Suppose 0 = 49*b - 53*b + 16. Suppose -b*m + 280 = -l - 2*l, m - 4*l = 57. What are the prime factors of m?
73
Let m(l) = -11*l + 3*l**3 + 10*l + 35*l**3. List the prime factors of m(1).
37
Let w(q) = -q**3 + 9*q**2 + 3*q**2 - 3 - 6*q - q. Let t(r) = 2*r**2 - r - 25. Let m be t(-4). List the prime factors of w(m).
41
Suppose -651 - 3945 = -12*h. What are the prime factors of h?
383
Let b be 6/(1*-1 + 0). Suppose 5*g = -10 - 5. Let n = g - b. What are the prime factors of n?
3
Let a(u) = 10*u**2 + 5*u - 6. Let p(w) = -29*w**2 - 14*w + 17. Let c(d) = -17*a(d) - 6*p(d). List the prime factors of c(1).
3
Suppose 3*q - 135 = 204. Suppose -5*g + 5*b = -135, 4*b + b = -3*g + q. What are the prime factors of g?
31
Suppose -4*r + 187 + 10 = 5*q, 2*q - 2*r - 68 = 0. Let k(t) = -t**2 + 6*t + 2. Let g be k(6). What are the prime factors of q/g + (-1)/2?
2, 3
Let h(i) = i**3 + 5*i**2 + i - 3. Let o be h(-3). Let t(l) = 6*l - 28. What are the prime factors of t(o)?
2, 11
Let o(w) be the second derivative of -w**5/20 + 5*w**4/12 + 5*w**3/6 - 2*w**2 + 3*w. List the prime factors of o(-5).
13, 17
Let k(v) = -15*v + 2. Let l = -6 - -3. Let j be k(l). Let b = j - 32. List the prime factors of b.
3, 5
Suppose 0*v + 4*v + 4*z = 232, 5*z = v - 58. Let k = -23 + v. Suppose -2*i = -10, 4*p - 20 = i + k. What are the prime factors of p?
3, 5
Suppose -4*t + 497 = -5*a, a - 4*t = -3*t - 99. Let b = a - -217. List the prime factors of b.
2, 29
Let k = 72 + -50. Suppose -2*j - 10 = 0, -g + 2*j = -2*j - k. Suppo